{"id":49,"date":"2023-08-05T19:09:22","date_gmt":"2023-08-05T19:09:22","guid":{"rendered":"https:\/\/preview.reitsimulator-niederrhein.de\/?page_id=49"},"modified":"2023-08-05T19:10:40","modified_gmt":"2023-08-05T19:10:40","slug":"elementor-49","status":"publish","type":"page","link":"https:\/\/reitsimulator-rhein-ruhr.de\/index.php\/elementor-49\/","title":{"rendered":"Haftungsausschluss"},"content":{"rendered":"\t\t<div data-elementor-type=\"wp-page\" data-elementor-id=\"49\" class=\"elementor elementor-49\" data-elementor-post-type=\"page\">\n\t\t\t\t\t\t<section class=\"elementor-section elementor-top-section elementor-element elementor-element-083bb76 elementor-section-boxed elementor-section-height-default elementor-section-height-default\" data-id=\"083bb76\" data-element_type=\"section\" data-e-type=\"section\">\n\t\t\t\t\t\t<div class=\"elementor-container elementor-column-gap-default\">\n\t\t\t\t\t<div class=\"elementor-column elementor-col-100 elementor-top-column elementor-element elementor-element-76362c8\" data-id=\"76362c8\" data-element_type=\"column\" data-e-type=\"column\">\n\t\t\t<div class=\"elementor-widget-wrap elementor-element-populated\">\n\t\t\t\t\t\t<div class=\"elementor-element elementor-element-59fe316 elementor-widget elementor-widget-text-editor\" data-id=\"59fe316\" data-element_type=\"widget\" data-e-type=\"widget\" data-widget_type=\"text-editor.default\">\n\t\t\t\t<div class=\"elementor-widget-container\">\n\t\t\t\t\t\t\t\t\t<h3>Anbieterversprechen<\/h3><p>Diese Webseite ist keine Abo-Falle und enth\u00e4lt keine versteckten Geb\u00fchren.<br \/>Wir bem\u00fchen uns um klare, verst\u00e4ndliche und faire Nutzungsbedingungen und rechtliche Hinweise, ohne \u00dcberraschungen.<br \/>Von Nutzern gespeicherte Daten werden nicht an Dritte weitergegeben.<br \/>Wir bieten pers\u00f6nlichen Service per Mail oder Telefon.<br \/>Unsere Webseite entspricht dem deutschen Recht.<br \/>Auf dieses Versprechen k\u00f6nnen Sie sich jederzeit berufen.<\/p><p>https:\/\/www.reitsimulator-niederrhein.de<\/p><h3>Haftungsausschluss<\/h3><p>Der Inhalt dieser Webseite wurde mit gr\u00f6\u00dfter Sorgfalt, nach bestem Wissen und Gewissen erstellt. Als Anbieter dieser Webseite \u00fcbernehmen wir keine Haftung f\u00fcr Vollst\u00e4ndigkeit, Richtigkeit, Aktualit\u00e4t oder Verl\u00e4sslichkeit der bereitgestellten Inhalte. Wir stellen die Inhalte auf der Webseite zum Abruf bereit. F\u00fcr die Brauchbarkeit der Inhalte \u00fcbernehmen wir keine Gew\u00e4hr. Inhalte mit namentlich genannten Autoren sind die Meinung des Autors, aber nicht zwingend die Meinung des Anbieters.<\/p><h3>Urheberrechte \/ Creative Commons<\/h3><p>Inhalte auf unserer Webseite sind urheberrechtlich gesch\u00fctzt. Eine Verwertung unserer Inhalte bedarf unserer ausdr\u00fccklichen vorherigen Zustimmung. Nichtsdestotrotz kann im Rahmen des Zitatrechts aus unseren Inhalten zitiert werden, wenn gleichzeitig ein Link auf den vollst\u00e4ndigen Text auf unserer Webseite gesetzt und unsere Seite sowie (wenn angegeben) der Autor des Textes genannt wird. F\u00fcr den privaten Gebrauch k\u00f6nnen Kopien von unseren Werken angefertigt werden, z.B. durch Ausdruck oder Download auf ein lokales Speichermedium. Eine Ver\u00f6ffentlichung im Internet ist ausdr\u00fccklich keine private Nutzung.<br \/>Sofern Inhalte auf unserer Webseite freie Inhalte im Sinne der Creative Commons sind, sind diese Inhalte entsprechend gekennzeichnet und unterliegen der Creative Commons Namensnennung-Weitergabe unter gleichen Bedingungen 3.0 Deutschland Lizenz. <a href=\"http:\/\/creativecommons.org\/licenses\/by-sa\/3.0\/de\/\">http:\/\/creativecommons.org\/licenses\/by-sa\/3.0\/de\/<\/a><br \/>Links auf unsere Webseite und Unterseiten (so genannte Deep Links) sind jederzeit und ohne vorherige Einwilligung m\u00f6glich.<\/p><h3>Wir mahnen nicht ab ohne vorherigen Kontakt<\/h3><p>Wir mahnen Webseiten, mit denen wir im Wettbewerb stehen oder die unsere Rechte verletzen, nicht ab, ohne diese vorher auf die Rechtswidrigkeit hingewiesen und ihnen insoweit M\u00f6glichkeit zur Beseitigung der Rechtswidrigkeit gegeben zu haben. Gleichzeitig bitten wir um Hinweise und vorherigen Kontakt ohne Kostennote und Abmahnung an uns, sollten Inhalte unserer Webseite gegen geltendes Recht versto\u00dfen oder Rechte Dritter verletzen. Wir sind stets um die Rechtm\u00e4\u00dfigkeit unserer Webseite bem\u00fcht. Wir werden die beanstandeten Inhalte unverz\u00fcglich \u00fcberpr\u00fcfen und in angemessener Frist die Rechtswidrigkeit beseitigen bzw. anpassen. Wir wissen, dass uns diese Passage nicht vor rechtm\u00e4\u00dfigen Abmahnungen sch\u00fctzt.<\/p><h3>Datenschutz und Datensicherheit<\/h3><p>Als Anbieter ist uns die Datensicherheit und der Schutz Ihrer Privatssph\u00e4re sehr wichtig. Allerdings ist diese Webseite und unser Server kein Hochsicherheitssystem. Insbesondere durch die Anbindung an das Internet kann nicht gew\u00e4hrleistet werden, dass abgerufene oder uns geschickte Informationen nicht abgefangen oder abgeh\u00f6rt werden.<br \/>Wir speichern das Nutzerverhalten auf unserer Webseite in anonymisierter Form ohne personenbezoge Daten. Die Speicherung dient zur Analyse und Verbesserung unser Webseite. Eine Weitergabe von Daten an Dritte, insbesondere zu Werbezwecken, erfolgt nicht.<\/p><h3>Verantwortung f\u00fcr Links<\/h3><p>Auf der Webseite befinden sich Links zu Internetseiten von Dritten, so genannte externe Links. Zum Zeitpunkt der Verlinkung wurde die jeweilige Webseite auf Vereinbarkeit mit deutschem Recht \u00fcberpr\u00fcft. Verst\u00f6\u00dfe gegen geltendes Recht wurden nicht festgestellt. Bei den verlinkten Webseiten handelt es sich um Inhalte Dritter, f\u00fcr die wir nicht verantwortlich sind, eine regelm\u00e4\u00dfige \u00dcberpr\u00fcfung der verlinkten Webseiten auf Rechtm\u00e4\u00dfigkeit k\u00f6nnen wir ausdr\u00fccklich nicht leisten. Wenn wir positive Kenntnis von rechtswidrigen Inhalten auf verlinkten Webseiten erhalten, werden wir die Links unverz\u00fcglich entfernen.<\/p><p><a href=\"https:\/\/www.123recht.de\/muster-haftungsausschluss.asp\">Disclaimer erstellt mit dem Muster Disclaimer von 123recht.de \u2013 Rechtsberatung online.<\/a><\/p>\t\t\t\t\t\t\t\t<\/div>\n\t\t\t\t<\/div>\n\t\t\t\t\t<\/div>\n\t\t<\/div>\n\t\t\t\t\t<\/div>\n\t\t<\/section>\n\t\t\t\t<\/div>\n\t\t","protected":false},"excerpt":{"rendered":"<p>Anbieterversprechen Diese Webseite ist keine Abo-Falle und enth\u00e4lt keine versteckten Geb\u00fchren.Wir bem\u00fchen uns um klare, verst\u00e4ndliche und faire Nutzungsbedingungen und rechtliche Hinweise, ohne \u00dcberraschungen.Von Nutzern gespeicherte Daten werden nicht an Dritte weitergegeben.Wir bieten pers\u00f6nlichen Service per Mail oder Telefon.Unsere Webseite entspricht dem deutschen Recht.Auf dieses Versprechen k\u00f6nnen Sie sich jederzeit berufen. https:\/\/www.reitsimulator-niederrhein.de Haftungsausschluss Der Inhalt [&hellip;]<\/p>\n","protected":false},"author":1,"featured_media":0,"parent":0,"menu_order":0,"comment_status":"closed","ping_status":"closed","template":"","meta":{"footnotes":""},"class_list":["post-49","page","type-page","status-publish","hentry"],"yoast_head":"<!-- This site is optimized with the Yoast SEO plugin v27.3 - https:\/\/yoast.com\/product\/yoast-seo-wordpress\/ -->\n<title>Haftungsausschluss - Reitsimulator Niederrhein<\/title>\n<meta name=\"description\" content=\"Haftungsausschluss Reitsimulator Niederrhein Reitsimulator Niederrhein Reitsimulator Niederrhein Coach4Ride\" \/>\n<meta name=\"robots\" content=\"index, follow, max-snippet:-1, max-image-preview:large, max-video-preview:-1\" \/>\n<link rel=\"canonical\" href=\"https:\/\/reitsimulator-rhein-ruhr.de\/index.php\/elementor-49\/\" \/>\n<meta property=\"og:locale\" content=\"de_DE\" \/>\n<meta property=\"og:type\" content=\"article\" \/>\n<meta property=\"og:title\" content=\"Haftungsausschluss - Reitsimulator Niederrhein\" \/>\n<meta property=\"og:description\" content=\"Haftungsausschluss Reitsimulator Niederrhein Reitsimulator Niederrhein Reitsimulator Niederrhein Coach4Ride\" \/>\n<meta property=\"og:url\" content=\"https:\/\/reitsimulator-rhein-ruhr.de\/index.php\/elementor-49\/\" \/>\n<meta property=\"og:site_name\" content=\"Reitsimulator Niederrhein\" \/>\n<meta property=\"article:publisher\" content=\"https:\/\/www.facebook.com\/people\/Reitsimulator-Niederrheinde\/100095526519688\/\" \/>\n<meta property=\"article:modified_time\" content=\"2023-08-05T19:10:40+00:00\" \/>\n<meta name=\"twitter:card\" content=\"summary_large_image\" \/>\n<meta name=\"twitter:label1\" content=\"Gesch\u00e4tzte Lesezeit\" \/>\n\t<meta name=\"twitter:data1\" content=\"3\u00a0Minuten\" \/>\n<script type=\"application\/ld+json\" class=\"yoast-schema-graph\">{\"@context\":\"https:\\\/\\\/schema.org\",\"@graph\":[{\"@type\":\"WebPage\",\"@id\":\"https:\\\/\\\/reitsimulator-rhein-ruhr.de\\\/index.php\\\/elementor-49\\\/\",\"url\":\"https:\\\/\\\/reitsimulator-rhein-ruhr.de\\\/index.php\\\/elementor-49\\\/\",\"name\":\"Haftungsausschluss - Reitsimulator Niederrhein\",\"isPartOf\":{\"@id\":\"https:\\\/\\\/reitsimulator-rhein-ruhr.de\\\/#website\"},\"datePublished\":\"2023-08-05T19:09:22+00:00\",\"dateModified\":\"2023-08-05T19:10:40+00:00\",\"description\":\"Haftungsausschluss Reitsimulator Niederrhein Reitsimulator Niederrhein Reitsimulator Niederrhein Coach4Ride\",\"breadcrumb\":{\"@id\":\"https:\\\/\\\/reitsimulator-rhein-ruhr.de\\\/index.php\\\/elementor-49\\\/#breadcrumb\"},\"inLanguage\":\"de\",\"potentialAction\":[{\"@type\":\"ReadAction\",\"target\":[\"https:\\\/\\\/reitsimulator-rhein-ruhr.de\\\/index.php\\\/elementor-49\\\/\"]}]},{\"@type\":\"BreadcrumbList\",\"@id\":\"https:\\\/\\\/reitsimulator-rhein-ruhr.de\\\/index.php\\\/elementor-49\\\/#breadcrumb\",\"itemListElement\":[{\"@type\":\"ListItem\",\"position\":1,\"name\":\"Startseite\",\"item\":\"https:\\\/\\\/reitsimulator-rhein-ruhr.de\\\/\"},{\"@type\":\"ListItem\",\"position\":2,\"name\":\"Haftungsausschluss\"}]},{\"@type\":\"WebSite\",\"@id\":\"https:\\\/\\\/reitsimulator-rhein-ruhr.de\\\/#website\",\"url\":\"https:\\\/\\\/reitsimulator-rhein-ruhr.de\\\/\",\"name\":\"Reitsimulator Niederrhein\",\"description\":\"Get ready for passion\",\"publisher\":{\"@id\":\"https:\\\/\\\/reitsimulator-rhein-ruhr.de\\\/#organization\"},\"alternateName\":\"Heike Grube am Dongrathshof Hans-J\u00fcrgen Schmitz\",\"potentialAction\":[{\"@type\":\"SearchAction\",\"target\":{\"@type\":\"EntryPoint\",\"urlTemplate\":\"https:\\\/\\\/reitsimulator-rhein-ruhr.de\\\/?s={search_term_string}\"},\"query-input\":{\"@type\":\"PropertyValueSpecification\",\"valueRequired\":true,\"valueName\":\"search_term_string\"}}],\"inLanguage\":\"de\"},{\"@type\":\"Organization\",\"@id\":\"https:\\\/\\\/reitsimulator-rhein-ruhr.de\\\/#organization\",\"name\":\"Reitsimulator Niederrhein\",\"alternateName\":\"Coach4Ride\",\"url\":\"https:\\\/\\\/reitsimulator-rhein-ruhr.de\\\/\",\"logo\":{\"@type\":\"ImageObject\",\"inLanguage\":\"de\",\"@id\":\"https:\\\/\\\/reitsimulator-rhein-ruhr.de\\\/#\\\/schema\\\/logo\\\/image\\\/\",\"url\":\"https:\\\/\\\/reitsimulator-rhein-ruhr.de\\\/wp-content\\\/uploads\\\/2023\\\/08\\\/89484ade16ecf0abcb4359c5123c5c47.webp\",\"contentUrl\":\"https:\\\/\\\/reitsimulator-rhein-ruhr.de\\\/wp-content\\\/uploads\\\/2023\\\/08\\\/89484ade16ecf0abcb4359c5123c5c47.webp\",\"width\":345,\"height\":380,\"caption\":\"Reitsimulator Niederrhein\"},\"image\":{\"@id\":\"https:\\\/\\\/reitsimulator-rhein-ruhr.de\\\/#\\\/schema\\\/logo\\\/image\\\/\"},\"sameAs\":[\"https:\\\/\\\/www.facebook.com\\\/people\\\/Reitsimulator-Niederrheinde\\\/100095526519688\\\/\",\"https:\\\/\\\/www.instagram.com\\\/heikegrube_coach4ride\\\/\",\"https:\\\/\\\/www.youtube.com\\\/@coach4ride\"]}]}<\/script>\n<!-- \/ Yoast SEO plugin. -->","yoast_head_json":{"title":"Haftungsausschluss - Reitsimulator Niederrhein","description":"Haftungsausschluss Reitsimulator Niederrhein Reitsimulator Niederrhein Reitsimulator Niederrhein Coach4Ride","robots":{"index":"index","follow":"follow","max-snippet":"max-snippet:-1","max-image-preview":"max-image-preview:large","max-video-preview":"max-video-preview:-1"},"canonical":"https:\/\/reitsimulator-rhein-ruhr.de\/index.php\/elementor-49\/","og_locale":"de_DE","og_type":"article","og_title":"Haftungsausschluss - Reitsimulator Niederrhein","og_description":"Haftungsausschluss Reitsimulator Niederrhein Reitsimulator Niederrhein Reitsimulator Niederrhein Coach4Ride","og_url":"https:\/\/reitsimulator-rhein-ruhr.de\/index.php\/elementor-49\/","og_site_name":"Reitsimulator Niederrhein","article_publisher":"https:\/\/www.facebook.com\/people\/Reitsimulator-Niederrheinde\/100095526519688\/","article_modified_time":"2023-08-05T19:10:40+00:00","twitter_card":"summary_large_image","twitter_misc":{"Gesch\u00e4tzte Lesezeit":"3\u00a0Minuten"},"schema":{"@context":"https:\/\/schema.org","@graph":[{"@type":"WebPage","@id":"https:\/\/reitsimulator-rhein-ruhr.de\/index.php\/elementor-49\/","url":"https:\/\/reitsimulator-rhein-ruhr.de\/index.php\/elementor-49\/","name":"Haftungsausschluss - Reitsimulator Niederrhein","isPartOf":{"@id":"https:\/\/reitsimulator-rhein-ruhr.de\/#website"},"datePublished":"2023-08-05T19:09:22+00:00","dateModified":"2023-08-05T19:10:40+00:00","description":"Haftungsausschluss Reitsimulator Niederrhein Reitsimulator Niederrhein Reitsimulator Niederrhein Coach4Ride","breadcrumb":{"@id":"https:\/\/reitsimulator-rhein-ruhr.de\/index.php\/elementor-49\/#breadcrumb"},"inLanguage":"de","potentialAction":[{"@type":"ReadAction","target":["https:\/\/reitsimulator-rhein-ruhr.de\/index.php\/elementor-49\/"]}]},{"@type":"BreadcrumbList","@id":"https:\/\/reitsimulator-rhein-ruhr.de\/index.php\/elementor-49\/#breadcrumb","itemListElement":[{"@type":"ListItem","position":1,"name":"Startseite","item":"https:\/\/reitsimulator-rhein-ruhr.de\/"},{"@type":"ListItem","position":2,"name":"Haftungsausschluss"}]},{"@type":"WebSite","@id":"https:\/\/reitsimulator-rhein-ruhr.de\/#website","url":"https:\/\/reitsimulator-rhein-ruhr.de\/","name":"Reitsimulator Niederrhein","description":"Get ready for passion","publisher":{"@id":"https:\/\/reitsimulator-rhein-ruhr.de\/#organization"},"alternateName":"Heike Grube am Dongrathshof Hans-J\u00fcrgen Schmitz","potentialAction":[{"@type":"SearchAction","target":{"@type":"EntryPoint","urlTemplate":"https:\/\/reitsimulator-rhein-ruhr.de\/?s={search_term_string}"},"query-input":{"@type":"PropertyValueSpecification","valueRequired":true,"valueName":"search_term_string"}}],"inLanguage":"de"},{"@type":"Organization","@id":"https:\/\/reitsimulator-rhein-ruhr.de\/#organization","name":"Reitsimulator Niederrhein","alternateName":"Coach4Ride","url":"https:\/\/reitsimulator-rhein-ruhr.de\/","logo":{"@type":"ImageObject","inLanguage":"de","@id":"https:\/\/reitsimulator-rhein-ruhr.de\/#\/schema\/logo\/image\/","url":"https:\/\/reitsimulator-rhein-ruhr.de\/wp-content\/uploads\/2023\/08\/89484ade16ecf0abcb4359c5123c5c47.webp","contentUrl":"https:\/\/reitsimulator-rhein-ruhr.de\/wp-content\/uploads\/2023\/08\/89484ade16ecf0abcb4359c5123c5c47.webp","width":345,"height":380,"caption":"Reitsimulator Niederrhein"},"image":{"@id":"https:\/\/reitsimulator-rhein-ruhr.de\/#\/schema\/logo\/image\/"},"sameAs":["https:\/\/www.facebook.com\/people\/Reitsimulator-Niederrheinde\/100095526519688\/","https:\/\/www.instagram.com\/heikegrube_coach4ride\/","https:\/\/www.youtube.com\/@coach4ride"]}]}},"jetpack_sharing_enabled":true,"_links":{"self":[{"href":"https:\/\/reitsimulator-rhein-ruhr.de\/index.php\/wp-json\/wp\/v2\/pages\/49","targetHints":{"allow":["GET"]}}],"collection":[{"href":"https:\/\/reitsimulator-rhein-ruhr.de\/index.php\/wp-json\/wp\/v2\/pages"}],"about":[{"href":"https:\/\/reitsimulator-rhein-ruhr.de\/index.php\/wp-json\/wp\/v2\/types\/page"}],"author":[{"embeddable":true,"href":"https:\/\/reitsimulator-rhein-ruhr.de\/index.php\/wp-json\/wp\/v2\/users\/1"}],"replies":[{"embeddable":true,"href":"https:\/\/reitsimulator-rhein-ruhr.de\/index.php\/wp-json\/wp\/v2\/comments?post=49"}],"version-history":[{"count":4,"href":"https:\/\/reitsimulator-rhein-ruhr.de\/index.php\/wp-json\/wp\/v2\/pages\/49\/revisions"}],"predecessor-version":[{"id":82,"href":"https:\/\/reitsimulator-rhein-ruhr.de\/index.php\/wp-json\/wp\/v2\/pages\/49\/revisions\/82"}],"wp:attachment":[{"href":"https:\/\/reitsimulator-rhein-ruhr.de\/index.php\/wp-json\/wp\/v2\/media?parent=49"}],"curies":[{"name":"wp","href":"https:\/\/api.w.org\/{rel}","templated":true}]}}